divided by 25.
22
What is the remainder when 6691 is divided by 69?
67
Calculate the remainder when 57 is divided by 31.
26
What is the remainder when 612 is divided by 155?
147
Calculate the remainder when 1034 is divided by 69.
68
Calculate the remainder when 408 is divided by 37.
1
What is the remainder when 11219 is divided by 261?
257
Calculate the remainder when 451 is divided by 428.
23
What is the remainder when 40 is divided by 26?
14
Calculate the remainder when 146 is divided by 25.
21
What is the remainder when 58 is divided by 21?
16
What is the remainder when 985 is divided by 318?
31
What is the remainder when 491 is divided by 31?
26
Calculate the remainder when 2188 is divided by 7.
4
What is the remainder when 510 is divided by 172?
166
What is the remainder when 835 is divided by 209?
208
Calculate the remainder when 365 is divided by 23.
20
What is the remainder when 264 is divided by 77?
33
What is the remainder when 5096 is divided by 1267?
28
Calculate the remainder when 122 is divided by 40.
2
What is the remainder when 434 is divided by 139?
17
What is the remainder when 502 is divided by 102?
94
What is the remainder when 992 is divided by 224?
96
What is the remainder when 527 is divided by 78?
59
What is the remainder when 84 is divided by 29?
26
Calculate the remainder when 8733 is divided by 56.
53
Calculate the remainder when 443 is divided by 74.
73
What is the remainder when 230 is divided by 127?
103
What is the remainder when 38 is divided by 21?
17
What is the remainder when 209 is divided by 14?
13
Calculate the remainder when 271 is divided by 67.
3
Calculate the remainder when 2271 is divided by 32.
31
Calculate the remainder when 238 is divided by 3.
1
Calculate the remainder when 7 is divided by 7.
0
Calculate the remainder when 5047 is divided by 11.
9
What is the remainder when 30390 is divided by 33?
30
Calculate the remainder when 3532 is divided by 39.
22
Calculate the remainder when 2078 is divided by 19.
7
Calculate the remainder when 2559 is divided by 128.
127
What is the remainder when 735 is divided by 41?
38
Calculate the remainder when 399 is divided by 53.
28
Calculate the remainder when 25539 is divided by 18.
15
What is the remainder when 4006 is divided by 24?
22
Calculate the remainder when 3036 is divided by 36.
12
Calculate the remainder when 711 is divided by 123.
96
What is the remainder when 1920 is divided by 278?
252
What is the remainder when 54 is divided by 20?
14
Calculate the remainder when 610 is divided by 68.
66
Calculate the remainder when 104 is divided by 34.
2
What is the remainder when 193 is divided by 40?
33
What is the remainder when 304 is divided by 91?
31
Calculate the remainder when 3793 is divided by 190.
183
Calculate the remainder when 287 is divided by 16.
15
What is the remainder when 546 is divided by 538?
8
Calculate the remainder when 137 is divided by 52.
33
What is the remainder when 90 is divided by 34?
22
What is the remainder when 230 is divided by 7?
6
What is the remainder when 380 is divided by 43?
36
Calculate the remainder when 4985 is divided by 6.
5
What is the remainder when 1767 is divided by 26?
25
What is the remainder when 454 is divided by 6?
4
Calculate the remainder when 209 is divided by 70.
69
Calculate the remainder when 283 is divided by 22.
19
What is the remainder when 333 is divided by 45?
18
Calculate the remainder when 1818 is divided by 20.
18
Calculate the remainder when 184 is divided by 94.
90
What is the remainder when 73 is divided by 27?
19
Calculate the remainder when 2107 is divided by 233.
10
Calculate the remainder when 488 is divided by 98.
96
What is the remainder when 1088 is divided by 59?
26
What is the remainder when 169 is divided by 25?
19
What is the remainder when 1799 is divided by 34?
31
Calculate the remainder when 279 is divided by 61.
35
Calculate the remainder when 37 is divided by 8.
5
What is the remainder when 117 is divided by 113?
4
What is the remainder when 612 is divided by 52?
40
Calculate the remainder when 12 is divided by 7.
5
Calculate the remainder when 75 is divided by 71.
4
Calculate the remainder when 10722 is divided by 325.
322
What is the remainder when 1155 is divided by 61?
57
What is the remainder when 70 is divided by 36?
34
What is the remainder when 667 is divided by 69?
46
What is the remainder when 194 is divided by 26?
12
Calculate the remainder when 213 is divided by 69.
6
What is the remainder when 628 is divided by 37?
36
What is the remainder when 47485 is divided by 14?
11
What is the remainder when 291 is divided by 42?
39
Calculate the remainder when 268 is divided by 100.
68
Calculate the remainder when 34 is divided by 22.
12
What is the remainder when 497 is divided by 126?
119
What is the remainder when 97 is divided by 50?
47
Calculate the remainder when 487 is divided by 105.
67
Calculate the remainder when 6512 is divided by 65.
12
Calculate the remainder when 250 is divided by 63.
61
Calculate the remainder when 736 is divided by 195.
151
What is the remainder when 2374 is divided by 11?
9
Calculate the remainder when 541 is divided by 144.
109
Calculate the remainder when 652 is divided by 50.
2
What is the remainder when 59 is divided by 30?
29
Calculate the remainder when 137 is divided by 72.
65
What is the remainder when 1030 is divided by 164?
46
Calculate the remainder when 558 is divided by 10.
8
Calculate the remainder when 682 is divided by 18.
16
What is the remainder when 75 is divided by 26?
23
What is the remainder when 247 is divided by 62?
61
Calculate the remainder when 156 is divided by 10.
6
Calculate the remainder when 209 is divided by 10.
9
Calculate the remainder when 50 is divided by 23.
4
What is the remainder when 174 is divided by 22?
20
Calculate the remainder when 457 is divided by 68.
49
Calculate the remainder when 265 is divided by 39.
31
Calculate the remainder when 10776 is divided by 77.
73
Calculate the remainder when 260 is divided by 12.
8
Calculate the remainder when 1064 is divided by 89.
85
Calculate the remainder when 698 is divided by 50.
48
What is the remainder when 93 is divided by 8?
5
What is the remainder when 70 is divided by 18?
16
Calculate the remainder when 5072 is divided by 254.
246
Calculate the remainder when 139 is divided by 13.
9
Calculate the remainder when 1150 is divided by 286.
6
Calculate the remainder when 281 is divided by 64.
25
Calculate the remainder when 153 is divided by 150.
3
What is the remainder when 19 is divided by 11?
8
What is the remainder when 890 is divided by 47?
44
What is the remainder when 1845 is divided by 56?
53
Calculate the remainder when 4176 is divided by 20.
16
Calculate the remainder when 1345 is divided by 59.
47
What is the remainder when 26 is divided by 9?
8
What is the remainder when 104 is divided by 1?
0
Calculate the remainder when 80 is divided by 44.
36
Calculate the remainder when 348 is divided by 153.
42
What is the remainder when 308 is divided by 35?
28
Calculate the remainder when 230 is divided by 29.
27
Calculate the remainder when 519 is divided by 51.
9
What is the remainder when 66 is divided by 56?
10
Calculate the remainder when 178 is divided by 20.
18
Calculate the remainder when 598 is divided by 60.
58
Calculate the remainder when 1679 is divided by 84.
83
What is the remainder when 703 is divided by 30?
13
What is the remainder when 665 is divided by 74?
73
What is the remainder when 310 is divided by 120?
70
Calculate the remainder when 869 is divided by 87.
86
Calculate the remainder when 2351 is divided by 71.
8
What is the remainder when 6366 is divided by 26?
22
What is the remainder when 400 is divided by 162?
76
Calculate the remainder when 461 is divided by 114.
5
What is the remainder when 142 is divided by 10?
2
Calculate the remainder when 1857 is divided by 89.
77
Calculate the remainder when 52 is divided by 27.
25
Calculate the remainder when 115 is divided by 29.
28
Calculate the remainder when 41 is divided by 18.
5
Calculate the remainder when 212 is divided by 68.
8
What is the remainder when 64 is divided by 8?
0
Calculate the remainder when 60 is divided by 9.
6
Calculate the remainder when 23 is divided b